{"id":11512,"date":"2024-03-01T12:52:12","date_gmt":"2024-03-01T12:52:12","guid":{"rendered":"https:\/\/dummy.xtemos.com\/woodmart2\/vegetables-elementor\/?page_id=15"},"modified":"2025-05-16T00:05:44","modified_gmt":"2025-05-16T00:05:44","slug":"about-us","status":"publish","type":"page","link":"https:\/\/cftmarteorvers.com\/?page_id=11512","title":{"rendered":"About Us"},"content":{"rendered":"\t\t<div data-elementor-type=\"wp-page\" data-elementor-id=\"11512\" class=\"elementor elementor-11512\">\n\t\t\t\t<div class=\"wd-negative-gap elementor-element elementor-element-5123e6c e-flex e-con-boxed e-con e-parent\" data-id=\"5123e6c\" data-element_type=\"container\">\n\t\t\t\t\t<div class=\"e-con-inner\">\n\t\t<div class=\"elementor-element elementor-element-d96a18c e-con-full e-flex e-con e-child\" data-id=\"d96a18c\" data-element_type=\"container\">\n\t\t\t\t<div class=\"elementor-element elementor-element-55a06c5 elementor-widget elementor-widget-image\" data-id=\"55a06c5\" data-element_type=\"widget\" data-widget_type=\"image.default\">\n\t\t\t\t<div class=\"elementor-widget-container\">\n\t\t\t\t\t\t\t\t\t\t\t\t\t\t\t<img fetchpriority=\"high\" decoding=\"async\" width=\"612\" height=\"408\" src=\"https:\/\/cftmarteorvers.com\/wp-content\/uploads\/2025\/04\/istockphoto-486570435-612x612-1.jpg\" class=\"attachment-large size-large wp-image-5409\" alt=\"\" srcset=\"https:\/\/cftmarteorvers.com\/wp-content\/uploads\/2025\/04\/istockphoto-486570435-612x612-1.jpg 612w, https:\/\/cftmarteorvers.com\/wp-content\/uploads\/2025\/04\/istockphoto-486570435-612x612-1-150x100.jpg 150w, https:\/\/cftmarteorvers.com\/wp-content\/uploads\/2025\/04\/istockphoto-486570435-612x612-1-600x400.jpg 600w, https:\/\/cftmarteorvers.com\/wp-content\/uploads\/2025\/04\/istockphoto-486570435-612x612-1-300x200.jpg 300w\" sizes=\"(max-width: 612px) 100vw, 612px\" \/>\t\t\t\t\t\t\t\t\t\t\t\t\t\t\t<\/div>\n\t\t\t\t<\/div>\n\t\t\t\t<\/div>\n\t\t<div class=\"elementor-element elementor-element-cca9ce8 e-con-full e-flex e-con e-child\" data-id=\"cca9ce8\" data-element_type=\"container\">\n\t\t\t\t<div class=\"elementor-element elementor-element-df0c631 wd-width-100 elementor-widget elementor-widget-wd_title\" data-id=\"df0c631\" data-element_type=\"widget\" data-widget_type=\"wd_title.default\">\n\t\t\t\t<div class=\"elementor-widget-container\">\n\t\t\t\t\t\t\t<div class=\"title-wrapper wd-set-mb reset-last-child wd-title-color-default wd-title-style-default wd-title-size-default text-left\">\n\n\t\t\t\n\t\t\t<div class=\"liner-continer\">\n\t\t\t\t<h4 class=\"woodmart-title-container title wd-fontsize-l\">Bienvenue sur CFT MARITIME OVERSEAS<\/h4> \n\t\t\t\t\t\t\t<\/div>\n\n\t\t\t\t\t<\/div>\n\t\t\t\t\t\t<\/div>\n\t\t\t\t<\/div>\n\t\t\t\t<div class=\"elementor-element elementor-element-c8aa6fe elementor-widget elementor-widget-wd_text_block\" data-id=\"c8aa6fe\" data-element_type=\"widget\" data-widget_type=\"wd_text_block.default\">\n\t\t\t\t<div class=\"elementor-widget-container\">\n\t\t\t\t\t\t\t<div class=\"wd-text-block reset-last-child text-left\">\n\t\t\t\n\t\t\t<div class=\"title-page\"><strong>\u00c0 propos de nous<\/strong><\/div><p>LES CONTENEURS ET MOBILE HOME ADAPT\u00c9S \u00c0 VOS BESOINS. GIEH Logistic Container propose une grande vari\u00e9t\u00e9 de conteneurs maritimes et r\u00e9sidentiels de tous types et de toutes tailles \u00e0 la vente : entre autres des conteneurs maritimes, des conteneurs de stockage, des conteneurs de bureau et des conteneurs sanitaires des conteneurs Piscines . Notre stock est en constante augmentation et peut \u00eatre livr\u00e9 \u00e0 tout moment . Nous disposons en outre d\u2019un r\u00e9seau de partenaires qui nous permet de mettre rapidement \u00e0 votre disposition des types de conteneurs rares ou sp\u00e9ciaux.<br \/>Nous attachons beaucoup d\u2019importance aux conseils personnalis\u00e9s de nos collaborateurs et sommes certains que nos conseils d\u00e9taill\u00e9s vous permettront de trouver le conteneur qui vous convient et la bonne m\u00e9thode d\u2019acquisition, qu\u2019il s\u2019agisse d\u2019un achat ou d\u2019une location. M\u00eame apr\u00e8s l\u2019achat ou pendant la p\u00e9riode de location, nous sommes \u00e0 vos c\u00f4t\u00e9s pour vous conseiller et vous aider.<br \/>Notre mission est de fournir des conteneurs robustes et durables, tout en assurant un service client exceptionnel. Chez CFT MARITIME OVERSEAS, nous croyons en l\u2019importance de l\u2019innovation et de la flexibilit\u00e9 pour r\u00e9pondre aux exigences sp\u00e9cifiques de chaque projet. Notre \u00e9quipe d\u2019experts est \u00e0 votre disposition pour vous conseiller et vous accompagner tout au long de votre projet, garantissant ainsi une solution parfaitement adapt\u00e9e \u00e0 vos besoins.<\/p>\n\t\t\t\t\t<\/div>\n\t\t\t\t\t\t<\/div>\n\t\t\t\t<\/div>\n\t\t<div class=\"wd-negative-gap elementor-element elementor-element-b7e9519 e-flex e-con-boxed e-con e-child\" data-id=\"b7e9519\" data-element_type=\"container\" data-settings=\"{&quot;background_background&quot;:&quot;classic&quot;}\">\n\t\t\t\t\t<div class=\"e-con-inner\">\n\t\t\t\t<div class=\"elementor-element elementor-element-720ff0a elementor-widget elementor-widget-wd_infobox\" data-id=\"720ff0a\" data-element_type=\"widget\" data-widget_type=\"wd_infobox.default\">\n\t\t\t\t<div class=\"elementor-widget-container\">\n\t\t\t\t\t\t\t<div class=\"info-box-wrapper\">\n\t\t\t<div class=\"wd-info-box text-left box-icon-align-left box-style-base color-scheme- wd-items-middle\">\n\t\t\t\t\t\t\t\t\t<div class=\"box-icon-wrapper  box-with-icon box-icon-simple\">\n\t\t\t\t\t\t<div class=\"info-box-icon\">\n\t\t\t\t\t\t\t\t\t\t\t\t\t\t\t<img decoding=\"async\" width=\"90\" height=\"90\" src=\"https:\/\/cftmarteorvers.com\/wp-content\/uploads\/2024\/03\/vg-team-rounded-4-opt-90x90.png\" class=\"attachment-90x90 size-90x90\" alt=\"\" srcset=\"https:\/\/cftmarteorvers.com\/wp-content\/uploads\/2024\/03\/vg-team-rounded-4-opt-90x90.png 90w, https:\/\/cftmarteorvers.com\/wp-content\/uploads\/2024\/03\/vg-team-rounded-4-opt-150x150.png 150w, https:\/\/cftmarteorvers.com\/wp-content\/uploads\/2024\/03\/vg-team-rounded-4-opt-160x160.png 160w, https:\/\/cftmarteorvers.com\/wp-content\/uploads\/2024\/03\/vg-team-rounded-4-opt.png 240w\" sizes=\"(max-width: 90px) 100vw, 90px\" \/>\t\t\t\t\t\t\t\t\t\t\t\t\t<\/div>\n\t\t\t\t\t<\/div>\n\t\t\t\t\n\t\t\t\t<div class=\"info-box-content\">\n\t\t\t\t\t\n\t\t\t\t\t\t\t\t\t\t\t<h4\t\t\t\t\t\tclass=\"info-box-title title box-title-style-default wd-fontsize-m\" data-elementor-setting-key=\"title\">\n\t\t\t\t\t\t\t\t<span style=\"color: rgb(8, 29, 53); font-family: marianne, &quot;marianne Fallback&quot;; font-size: 16px; font-style: normal; font-variant-ligatures: normal; font-variant-caps: normal; font-weight: 400; white-space-collapse: collapse; background-color: rgba(223, 223, 241, 0.4);\"><\/span>Pascal, Edmond GIRARDET\t\t\t\t\t\t<\/h4>\n\t\t\t\t\t\n\t\t\t\t\t<div class=\"info-box-inner reset-last-child\"data-elementor-setting-key=\"content\"><table class=\"styleFull_fullTable__WJqxC\">\n<tbody>\n<tr class=\"styleFull_row__NGD9w\">\n<td class=\"styleFull_cell__iDQav\">PRESIDENT DE SAS<\/td>\n<td class=\"styleFull_cell__iDQav\">\u00a0<\/td>\n<\/tr>\n<\/tbody>\n<\/table>\n<\/div>\n\n\t\t\t\t\t\t\t\t\t<\/div>\n\n\t\t\t\t\t\t\t<\/div>\n\t\t<\/div>\n\t\t\t\t\t\t<\/div>\n\t\t\t\t<\/div>\n\t\t\t\t<div class=\"elementor-element elementor-element-7eb6eff elementor-widget elementor-widget-wd_text_block\" data-id=\"7eb6eff\" data-element_type=\"widget\" data-widget_type=\"wd_text_block.default\">\n\t\t\t\t<div class=\"elementor-widget-container\">\n\t\t\t\t\t\t\t<div class=\"wd-text-block reset-last-child text-left\">\n\t\t\t\n\t\t\t\n\t\t\t\t\t<\/div>\n\t\t\t\t\t\t<\/div>\n\t\t\t\t<\/div>\n\t\t\t\t\t<\/div>\n\t\t\t\t<\/div>\n\t\t\t\t<\/div>\n\t\t\t\t\t<\/div>\n\t\t\t\t<\/div>\n\t\t\t\t<\/div>\n\t\t","protected":false},"excerpt":{"rendered":"<p>Bienvenue sur CFT MARITIME OVERSEAS \u00c0 propos de nous LES CONTENEURS ET MOBILE HOME ADAPT\u00c9S \u00c0 VOS BESOINS. GIEH Logistic<\/p>\n","protected":false},"author":1,"featured_media":0,"parent":0,"menu_order":0,"comment_status":"closed","ping_status":"closed","template":"","meta":{"inline_featured_image":false,"footnotes":""},"class_list":["post-11512","page","type-page","status-publish","hentry"],"_links":{"self":[{"href":"https:\/\/cftmarteorvers.com\/index.php?rest_route=\/wp\/v2\/pages\/11512","targetHints":{"allow":["GET"]}}],"collection":[{"href":"https:\/\/cftmarteorvers.com\/index.php?rest_route=\/wp\/v2\/pages"}],"about":[{"href":"https:\/\/cftmarteorvers.com\/index.php?rest_route=\/wp\/v2\/types\/page"}],"author":[{"embeddable":true,"href":"https:\/\/cftmarteorvers.com\/index.php?rest_route=\/wp\/v2\/users\/1"}],"replies":[{"embeddable":true,"href":"https:\/\/cftmarteorvers.com\/index.php?rest_route=%2Fwp%2Fv2%2Fcomments&post=11512"}],"version-history":[{"count":9,"href":"https:\/\/cftmarteorvers.com\/index.php?rest_route=\/wp\/v2\/pages\/11512\/revisions"}],"predecessor-version":[{"id":11838,"href":"https:\/\/cftmarteorvers.com\/index.php?rest_route=\/wp\/v2\/pages\/11512\/revisions\/11838"}],"wp:attachment":[{"href":"https:\/\/cftmarteorvers.com\/index.php?rest_route=%2Fwp%2Fv2%2Fmedia&parent=11512"}],"curies":[{"name":"wp","href":"https:\/\/api.w.org\/{rel}","templated":true}]}}