{"id":10579,"date":"2025-05-08T11:43:50","date_gmt":"2025-05-08T11:43:50","guid":{"rendered":"https:\/\/www.cftmaritime.com\/?post_type=product&#038;p=10579"},"modified":"2025-05-08T11:47:15","modified_gmt":"2025-05-08T11:47:15","slug":"remorques-3-chevaux-lq-featherlite-2023","status":"publish","type":"product","link":"https:\/\/cftmarteorvers.com\/?product=remorques-3-chevaux-lq-featherlite-2023","title":{"rendered":"Remorques 3 chevaux LQ  Featherlite 2023"},"content":{"rendered":"","protected":false},"excerpt":{"rendered":"<p>Remorques Featherlite 2023<br \/>\nNouveau mod\u00e8le Featherlite 3 chevaux LQ avec ensemble de quartiers d&rsquo;habitation de 11&prime; (S11B), int\u00e9rieur en fr\u00eane diamant, roues en aluminium, pneu\/roue de secours, rev\u00eatement de sol facile d&rsquo;entretien, sellerie arri\u00e8re pliable avec barres de couverture pivotantes, rampe arri\u00e8re pleine largeur. , MANGRES AVEC GRAND RANGEMENT VERROUILLABLE EN DESSOUS, PADS DE STOCKAGE, PORTE DE D\u00c9CHARGEMENT AVEC FEN\u00caTRE Abattante ET BARRES, FEN\u00caTRES Abattantes SUR LES C\u00d4T\u00c9S DE LA T\u00caTE ET DE LA QUEUE, COULEUR INT\u00c9RIEURE CENDRE BLANCHE, CANAP\u00c9 COULISSANT, V\u00c9RINS HYDRAULIQUES \u00c9LECTRIQUES, DOUBLE R\u00c9SERVOIRS DE PROPANE, TOIT DE FOURNAISE CANALIS\u00c9 Climatisation,. AUVENT R\u00c9TRACTABLE \u00c9LECTRIQUE AVEC BANDE \u00c9CLAIRANTE \u00c0 LED, SYST\u00c8ME SONORE ET ENSEMBLE D&rsquo;\u00c9CLAIRAGE PREMIUM, FEU DE CHARGE ARRI\u00c8RE.<br \/>\nType de cou : Col de cygne<br \/>\nNombre d&rsquo;essieux arri\u00e8re : Tandem<\/p>\n<p>Des portes : Balan\u00e7oire<br \/>\nPortes lat\u00e9rales : En bordure de rue<\/p>\n","protected":false},"featured_media":10921,"comment_status":"closed","ping_status":"closed","template":"","meta":{"inline_featured_image":false},"product_brand":[],"product_cat":[105,106],"product_tag":[],"class_list":{"0":"post-10579","1":"product","2":"type-product","3":"status-publish","4":"has-post-thumbnail","6":"product_cat-remorques","7":"product_cat-van-chevaux","9":"first","10":"instock","11":"sale","12":"purchasable","13":"product-type-simple"},"_links":{"self":[{"href":"https:\/\/cftmarteorvers.com\/index.php?rest_route=\/wp\/v2\/product\/10579","targetHints":{"allow":["GET"]}}],"collection":[{"href":"https:\/\/cftmarteorvers.com\/index.php?rest_route=\/wp\/v2\/product"}],"about":[{"href":"https:\/\/cftmarteorvers.com\/index.php?rest_route=\/wp\/v2\/types\/product"}],"replies":[{"embeddable":true,"href":"https:\/\/cftmarteorvers.com\/index.php?rest_route=%2Fwp%2Fv2%2Fcomments&post=10579"}],"version-history":[{"count":0,"href":"https:\/\/cftmarteorvers.com\/index.php?rest_route=\/wp\/v2\/product\/10579\/revisions"}],"wp:featuredmedia":[{"embeddable":true,"href":"https:\/\/cftmarteorvers.com\/index.php?rest_route=\/wp\/v2\/media\/10921"}],"wp:attachment":[{"href":"https:\/\/cftmarteorvers.com\/index.php?rest_route=%2Fwp%2Fv2%2Fmedia&parent=10579"}],"wp:term":[{"taxonomy":"product_brand","embeddable":true,"href":"https:\/\/cftmarteorvers.com\/index.php?rest_route=%2Fwp%2Fv2%2Fproduct_brand&post=10579"},{"taxonomy":"product_cat","embeddable":true,"href":"https:\/\/cftmarteorvers.com\/index.php?rest_route=%2Fwp%2Fv2%2Fproduct_cat&post=10579"},{"taxonomy":"product_tag","embeddable":true,"href":"https:\/\/cftmarteorvers.com\/index.php?rest_route=%2Fwp%2Fv2%2Fproduct_tag&post=10579"}],"curies":[{"name":"wp","href":"https:\/\/api.w.org\/{rel}","templated":true}]}}