{"id":10670,"date":"2025-05-08T11:44:18","date_gmt":"2025-05-08T11:44:18","guid":{"rendered":"https:\/\/www.cftmaritime.com\/?post_type=product&#038;p=10670"},"modified":"2025-08-29T08:33:42","modified_gmt":"2025-08-29T08:33:42","slug":"container-flat-rack-neuf-40-pieds","status":"publish","type":"product","link":"https:\/\/cftmarteorvers.com\/?product=container-flat-rack-neuf-40-pieds","title":{"rendered":"Container flat rack Neuf 40 pieds"},"content":{"rendered":"<p>Les conteneurs plats de 40 pieds sont disponibles avec des parois d&rsquo;extr\u00e9mit\u00e9 fixes ou rabattables. Ils sont utilis\u00e9s pour charger des marchandises lourdes.<\/p>\n<p>Les conteneurs sont soigneusement v\u00e9rifi\u00e9s avant livraison et poss\u00e8dent une date CSC valide, ce qui garantit une qualit\u00e9 et une s\u00e9curit\u00e9 conformes aux normes internationales. Les conteneurs peuvent \u00eatre exp\u00e9di\u00e9s dans le monde entier.<\/p>\n","protected":false},"excerpt":{"rendered":"<p>Caract\u00e9ristiques techniques.<\/p>\n<p>Dimensions int\u00e9rieures :<\/p>\n<p>\u2013 Longueur : 11 650 mm<br \/>\n\u2013 Largeur : 2 350 mm<br \/>\n\u2013 Hauteur : 1 960 mm<\/p>\n<p>Dimensions ext\u00e9rieures:<\/p>\n<p>\u2013 Longueur : 12 192 mm<br \/>\n\u2013 Largeur : 2 438 mm<br \/>\n\u2013 Hauteur : 2 591 mm<\/p>\n<p>Informations Compl\u00e9mentaires:<\/p>\n<p>-Capacit\u00e9 de chargement : 44 650 kg<\/p>\n<p>Avantages d\u00e9taill\u00e9s :<\/p>\n<p>\u2013 Adapt\u00e9 aux \u00e9quipements de taille non standard<br \/>\n\u2013 Charges lourdes jusqu\u2019\u00e0 50 tonnes<br \/>\n\u2013 Fabriqu\u00e9 pour l\u2019import-export<br \/>\n\u2013 Solution multimodale<br \/>\n\u2013 Transport facile et illimit\u00e9<\/p>\n<p>L&rsquo;avis de l&rsquo;expert :<\/p>\n<p>Le conteneur maritime plat 40 est utilis\u00e9 pour le chargement de marchandises volumineuses telles que des v\u00e9hicules, des grumes, des machines agricoles, des machines lourdes, des machines mini\u00e8res, des r\u00e9servoirs de stockage, des couronnes de tuyaux, des tourets de c\u00e2bles, des bobines d&rsquo;acier, etc.<\/p>\n<p>Allant au-del\u00e0 de la largeur et de la hauteur standard et insensible aux intemp\u00e9ries, le conteneur plat est fait pour vous !<\/p>\n<p>Le conteneur plat est disponible sous 3 formes :<\/p>\n<p>Le Conteneur Plateforme Plate 40 pieds : Plateformes simples avec passage de fourches pour manipuler le conteneur.<\/p>\n<p>Le conteneur Flat Fix Hands 40 pieds : plateformes avec 4 poteaux ou deux parois fixes avec iso-coins.<\/p>\n<p>Le conteneur pliable flat rack 40 pieds : plateformes avec 2 parois amovibles et encastr\u00e9es. C&rsquo;est une solution id\u00e9ale pour stocker un grand nombre de conteneurs plats dans un espace limit\u00e9.<\/p>\n<p>Il est particuli\u00e8rement r\u00e9sistant car toute sa structure est en acier Corten. Il n&rsquo;a pas de parois sauf sur les c\u00f4t\u00e9s de certains produits. Le sol est en t\u00f4le renforc\u00e9e ou en bois renforc\u00e9.<\/p>\n<p>Il s&rsquo;agit d&rsquo;une solution multimodale : route, rail, voie navigable et mer. Il peut \u00eatre transport\u00e9 et livr\u00e9 de diff\u00e9rentes mani\u00e8res.<\/p>\n","protected":false},"featured_media":11071,"comment_status":"closed","ping_status":"closed","template":"","meta":{"inline_featured_image":false},"product_brand":[],"product_cat":[117,119],"product_tag":[],"class_list":{"0":"post-10670","1":"product","2":"type-product","3":"status-publish","4":"has-post-thumbnail","6":"product_cat-containers","7":"product_cat-conteneurs-neufs-et-occasions","9":"first","10":"instock","11":"sale","12":"purchasable","13":"product-type-simple"},"_links":{"self":[{"href":"https:\/\/cftmarteorvers.com\/index.php?rest_route=\/wp\/v2\/product\/10670","targetHints":{"allow":["GET"]}}],"collection":[{"href":"https:\/\/cftmarteorvers.com\/index.php?rest_route=\/wp\/v2\/product"}],"about":[{"href":"https:\/\/cftmarteorvers.com\/index.php?rest_route=\/wp\/v2\/types\/product"}],"replies":[{"embeddable":true,"href":"https:\/\/cftmarteorvers.com\/index.php?rest_route=%2Fwp%2Fv2%2Fcomments&post=10670"}],"version-history":[{"count":1,"href":"https:\/\/cftmarteorvers.com\/index.php?rest_route=\/wp\/v2\/product\/10670\/revisions"}],"predecessor-version":[{"id":13722,"href":"https:\/\/cftmarteorvers.com\/index.php?rest_route=\/wp\/v2\/product\/10670\/revisions\/13722"}],"wp:featuredmedia":[{"embeddable":true,"href":"https:\/\/cftmarteorvers.com\/index.php?rest_route=\/wp\/v2\/media\/11071"}],"wp:attachment":[{"href":"https:\/\/cftmarteorvers.com\/index.php?rest_route=%2Fwp%2Fv2%2Fmedia&parent=10670"}],"wp:term":[{"taxonomy":"product_brand","embeddable":true,"href":"https:\/\/cftmarteorvers.com\/index.php?rest_route=%2Fwp%2Fv2%2Fproduct_brand&post=10670"},{"taxonomy":"product_cat","embeddable":true,"href":"https:\/\/cftmarteorvers.com\/index.php?rest_route=%2Fwp%2Fv2%2Fproduct_cat&post=10670"},{"taxonomy":"product_tag","embeddable":true,"href":"https:\/\/cftmarteorvers.com\/index.php?rest_route=%2Fwp%2Fv2%2Fproduct_tag&post=10670"}],"curies":[{"name":"wp","href":"https:\/\/api.w.org\/{rel}","templated":true}]}}