{"id":12220,"date":"2025-06-16T22:03:49","date_gmt":"2025-06-16T22:03:49","guid":{"rendered":"https:\/\/www.cftmaritime.com\/?post_type=product&#038;p=12220"},"modified":"2025-06-16T22:04:51","modified_gmt":"2025-06-16T22:04:51","slug":"conteneur-a-barre-equipes-de-40-pieds","status":"publish","type":"product","link":"https:\/\/cftmarteorvers.com\/?product=conteneur-a-barre-equipes-de-40-pieds","title":{"rendered":"Conteneur \u00e0 Barre \u00e9quip\u00e9s de 40 pieds"},"content":{"rendered":"<h2 class=\"Text3027143737__root Text3027143737---typography-11-runningText Text3027143737---priority-7-primary s8gg2 _2Cjvf InfoSectionTitle3095652555__root\" aria-hidden=\"false\" data-hook=\"info-section-title\">Caract\u00e9ristiques G\u00e9n\u00e9rales<\/h2>\n<div class=\"WncCi\" data-hook=\"info-section-description\">\n<p><strong>SOL<\/strong><\/p>\n<div>\n<ul>\n<li>Rev\u00eatement de sol \u00e9poxy<\/li>\n<li>Qt\u00e9 2- Drains dans les planchers<\/li>\n<\/ul>\n<p><strong>FEN\u00caTRES\/PORTES<\/strong><\/p>\n<div>\n<ul>\n<li>Qt\u00e9 1 \u2013 2 x 4 fen\u00eatre de transaction \u00e0 levage vertical, op\u00e9ration manuelle, cadre en m\u00e9tal, 1\/4 tremp\u00e9, en-t\u00eate de 7 pieds<\/li>\n<li>Qt\u00e9 1- Fen\u00eatre 6 x 3 barres<\/li>\n<li>Qt\u00e9 2 \u2013 2 x 4 Double vitrage, Low E, Fixe, Cadre en m\u00e9tal, linteau de 7 pieds<\/li>\n<li>Qt\u00e9 2 \u2013 5 x 6 coupes pour fen\u00eatres de service (contre-volets \u00e0 verrouiller\/avec hydraulique)<\/li>\n<li>1\u2032 de s\u00e9paration<\/li>\n<li>Qt\u00e9 1 \u2013 Porte homme<\/li>\n<\/ul>\n<p><strong>SALLE DE SERVICE<\/strong><\/p>\n<div>\n<ul>\n<li>Qt\u00e9 1 \u2013 \u00c9vier triple commercial, \u00e9vier lave-mains<\/li>\n<li>Qt\u00e9 1 \u2013 \u00c9tag\u00e8re au-dessus de l\u2019\u00e9vier 12\u2032 (L)<\/li>\n<li>Qt\u00e9 1 \u2013 \u00c9tag\u00e8res ouvertes 12\u2032 (L) 3\u2032 (H)<\/li>\n<li>Qt\u00e9 2 \u2013 Comptoirs SS<\/li>\n<li>Qt\u00e9 1 &#8211; \u00c9vier \u00e0 main standard<\/li>\n<li>Qt\u00e9 1- Porte homme pour sortie<\/li>\n<li>Qt\u00e9 1 \u2013 \u00c9tag\u00e8res ouvertes (mur de barre arri\u00e8re) 7,3 pi (L) 3 pi (H)<\/li>\n<li>Qt\u00e9 2 \u00e0 5 tours de tirage<\/li>\n<li>Qt\u00e9 2 \u2013 Coupes de 5 pieds sur 6 pieds pour les fen\u00eatres de desserte (volets temp\u00eate \u00e0 verrouiller\/avec syst\u00e8me hydraulique)<\/li>\n<li>Compteurs d\u00e9roulants<\/li>\n<li>Qt\u00e9 1 &#8211; \u00c9vier de bar commercial autoportant \u00e0 3 compartiments en acier inoxydable<\/li>\n<li>Rallonge pour s\u00e9chage**<\/li>\n<li>Qt\u00e9 1 \u2013 Robinet de cuisine \u00e0 douchette r\u00e9tractable mural \u00e0 2 poign\u00e9es en chrome<\/li>\n<li>Qt\u00e9 1 -17 po. \u00c9vier de lavage \u00e0 la main commercial \u00e0 1 compartiment en acier inoxydable \u00e0 montage mural avec robinet<\/li>\n<li>Qt\u00e9 2 &#8211; Tour \u00e0 bi\u00e8re \u2013 5 robinets \u2013 Tour en \u00ab T \u00bb pour bi\u00e8re pression en acier inoxydable, cinq robinets, acier inoxydable, syst\u00e8me glycol<\/li>\n<li>Qt\u00e9 1\u00a0: tube de 286 pieds (salle du f\u00fbt aux tours de tirage)<\/li>\n<\/ul>\n<h2 class=\"Text3027143737__root Text3027143737---typography-11-runningText Text3027143737---priority-7-primary s8gg2 _2Cjvf InfoSectionTitle3095652555__root\" aria-hidden=\"false\" data-hook=\"info-section-title\">Caract\u00e9ristiques G\u00e9n\u00e9ral<\/h2>\n<div class=\"WncCi\" data-hook=\"info-section-description\">\n<p><strong>SALLE DES F\u00dbTS<\/strong><\/p>\n<div>\n<ul>\n<li>Qt\u00e9 1 &#8211; Syst\u00e8me de r\u00e9frig\u00e9ration 2HP basse temp\u00e9rature homologu\u00e9 UL \/ C-UL pour une utilisation int\u00e9rieure-ext\u00e9rieure<\/li>\n<\/ul>\n<p><strong>SALLE DE BILLETTERIE<\/strong><\/p>\n<div>\n<ul>\n<li>Quantit\u00e9 1\u00a0&#8211;\u00a06 x 3\u00a0fen\u00eatres \u00e0 barres<\/li>\n<li>Qt\u00e9 1 \u2013 Guichet de billets de 2 pieds sur 6 pouces<\/li>\n<li>Qt\u00e91 \u2013 Double vitrage de 2 pieds sur 4 pieds, Low E, fixe, cadre m\u00e9tallique, linteau de 7 pieds ((avant du conteneur)<\/li>\n<\/ul>\n<p>&nbsp;<\/p>\n<ul>\n<li>CVC \u2013 Climatiseur et chauffage mini-split sans conduit AUX d&rsquo;une tonne (12 000 BTU)<\/li>\n<\/ul>\n<p>&nbsp;<\/p>\n<p><strong>EXT\u00c9RIEUR<\/strong><\/p>\n<div>\n<ul>\n<li>Couleur personnalis\u00e9e,<\/li>\n<\/ul>\n<\/div>\n<\/div>\n<\/div>\n<\/div>\n<\/div>\n<\/div>\n<\/div>\n<\/div>\n","protected":false},"excerpt":{"rendered":"<h2 class=\"Text3027143737__root Text3027143737---typography-11-runningText Text3027143737---priority-7-primary s8gg2 _2Cjvf InfoSectionTitle3095652555__root\" aria-hidden=\"false\" data-hook=\"info-section-title\">Caract\u00e9ristiques G\u00e9n\u00e9rales<\/h2>\n<div class=\"WncCi\" data-hook=\"info-section-description\">\n<p><strong>DIMENSIONS<\/strong><\/p>\n<div>\n<ul>\n<li>Ext\u00e9rieur \u2013 40 pi (L) x 8 pi (L) x 9 pi 6 po (H) NOUVEAU Conteneur HC<\/li>\n<li>Salle de f\u00fbt &#8211; 8,475 pieds (L) x 9,5 (H) 8 pieds (L) (comprend les murs)<\/li>\n<li>Zone de bar\/service \u2013 23,55 pi (L) x 9,5 (H) 8 pi (L) (comprend les murs)<\/li>\n<li>Salle de billetterie \u2013 5,875 pieds (L) x 9,5 (H) 8 pieds (L) (comprend les murs)<\/li>\n<li>*Remarque \u2013 Les dimensions \u00e9num\u00e9r\u00e9es ci-dessus sont optimis\u00e9es pour plus d&rsquo;efficacit\u00e9, mais nous pouvons construire en cons\u00e9quence si vous avez des besoins sp\u00e9cifiques.<\/li>\n<\/ul>\n<p><strong>CLOISONS<\/strong><\/p>\n<div>\n<ul>\n<li>Qt\u00e9 2 &#8211; Murs de 4,5 pouces pour la salle des f\u00fbts et le comptoir de billets<\/li>\n<li>Porte escamotable 36\u2033 &#8211; Keg Room<\/li>\n<li>Porte escamotable 24\u2033 pour bureau (CVC au-dessus du mur)<\/li>\n<\/ul>\n<p><strong>CHARPENTE ET MURS<\/strong><\/p>\n<div>\n<ul>\n<li>Montants en bois de 2 po x 4 po r\u00e9partis sur 16 po centres<\/li>\n<li>FRP pour murs et plafonds<\/li>\n<li>Portes de chargement ferm\u00e9es &#8211; mur\u00e9es<\/li>\n<\/ul>\n<p><strong>ISOLATION<\/strong><\/p>\n<div>\n<ul>\n<li>Mousse pulv\u00e9ris\u00e9e \u00e0 cellules ferm\u00e9es<\/li>\n<li>Zone 3<\/li>\n<li>Keg Room \u2013 3 dans R21 (tout autour)<\/li>\n<\/ul>\n<p><strong>\u00c9LECTRICIT\u00c9 ET LUMI\u00c8RES<\/strong><\/p>\n<div>\n<ul>\n<li>Qt\u00e9 1 \u2013 Bo\u00eete de disjoncteur de panneau \u00e0 12 emplacements de 400 A (montage ext\u00e9rieur ext\u00e9rieur)<\/li>\n<li>Quantit\u00e9 8 \u2013 Prises duplex 110 V (zone de service plus haute sur les murs) 4 par circuit.<\/li>\n<li>Qt\u00e9 8 \u2013 110 V GFI Duplex (niveau inf\u00e9rieur de la zone de desserte) 2 par circuit.<\/li>\n<li>Qt\u00e9 3 \u2013 Prises duplex 110\u00a0V (zone du comptoir des billets)<\/li>\n<li>Qt\u00e9 4 \u2013 Lumi\u00e8re LED ext\u00e9rieure int\u00e9gr\u00e9e<\/li>\n<li>Quantit\u00e9 2 \u2013 3,5 pieds de bandes d&rsquo;\u00e9clairage LED<\/li>\n<li>Qt\u00e9 1 \u2013 Lumi\u00e8re LED standard<\/li>\n<li>Qt\u00e9 7 &#8211; Prises ext\u00e9rieures<\/li>\n<li>Qt\u00e9 3 \u2013 Prise de c\u00e2ble Internet pour Wi-Fi<\/li>\n<\/ul>\n<\/div>\n<\/div>\n<\/div>\n<\/div>\n<\/div>\n<\/div>\n","protected":false},"featured_media":12308,"comment_status":"closed","ping_status":"closed","template":"","meta":{"inline_featured_image":false},"product_brand":[],"product_cat":[129,117,118],"product_tag":[],"class_list":{"0":"post-12220","1":"product","2":"type-product","3":"status-publish","4":"has-post-thumbnail","6":"product_cat-container-bar","7":"product_cat-containers","8":"product_cat-conteneur-amenage","10":"first","11":"instock","12":"purchasable","13":"product-type-simple"},"_links":{"self":[{"href":"https:\/\/cftmarteorvers.com\/index.php?rest_route=\/wp\/v2\/product\/12220","targetHints":{"allow":["GET"]}}],"collection":[{"href":"https:\/\/cftmarteorvers.com\/index.php?rest_route=\/wp\/v2\/product"}],"about":[{"href":"https:\/\/cftmarteorvers.com\/index.php?rest_route=\/wp\/v2\/types\/product"}],"replies":[{"embeddable":true,"href":"https:\/\/cftmarteorvers.com\/index.php?rest_route=%2Fwp%2Fv2%2Fcomments&post=12220"}],"version-history":[{"count":1,"href":"https:\/\/cftmarteorvers.com\/index.php?rest_route=\/wp\/v2\/product\/12220\/revisions"}],"predecessor-version":[{"id":12309,"href":"https:\/\/cftmarteorvers.com\/index.php?rest_route=\/wp\/v2\/product\/12220\/revisions\/12309"}],"wp:featuredmedia":[{"embeddable":true,"href":"https:\/\/cftmarteorvers.com\/index.php?rest_route=\/wp\/v2\/media\/12308"}],"wp:attachment":[{"href":"https:\/\/cftmarteorvers.com\/index.php?rest_route=%2Fwp%2Fv2%2Fmedia&parent=12220"}],"wp:term":[{"taxonomy":"product_brand","embeddable":true,"href":"https:\/\/cftmarteorvers.com\/index.php?rest_route=%2Fwp%2Fv2%2Fproduct_brand&post=12220"},{"taxonomy":"product_cat","embeddable":true,"href":"https:\/\/cftmarteorvers.com\/index.php?rest_route=%2Fwp%2Fv2%2Fproduct_cat&post=12220"},{"taxonomy":"product_tag","embeddable":true,"href":"https:\/\/cftmarteorvers.com\/index.php?rest_route=%2Fwp%2Fv2%2Fproduct_tag&post=12220"}],"curies":[{"name":"wp","href":"https:\/\/api.w.org\/{rel}","templated":true}]}}