{"id":12549,"date":"2025-06-16T22:06:19","date_gmt":"2025-06-16T22:06:19","guid":{"rendered":"https:\/\/www.cftmaritime.com\/?post_type=product&#038;p=12549"},"modified":"2025-06-16T22:06:35","modified_gmt":"2025-06-16T22:06:35","slug":"conteneur-de-bureau-5x220-avec-sanitaire","status":"publish","type":"product","link":"https:\/\/cftmarteorvers.com\/?product=conteneur-de-bureau-5x220-avec-sanitaire","title":{"rendered":"Conteneur de bureau 5\u00d72,20 avec sanitaire"},"content":{"rendered":"","protected":false},"excerpt":{"rendered":"<p>Conteneur de bureau 5\u00d72,20 m\u00e8tres, 2,62 m\u00e8tres de hauteur avec WC<\/p>\n<p>\u2013 Panneaux sandwich murs et toiture isolation 7,5 cm.<br \/>\n\u2013 Lavabo avec meuble sous-vasque<br \/>\n\u2013 Urinoirs<br \/>\n\u2013 3 fen\u00eatres<br \/>\n\u2013 Profil sandwich \u00e0 isolation thermique pour une faible perte d\u2019\u00e9nergie<br \/>\n\u2013 Porte d\u2019entr\u00e9e avec isolation thermique (double vitrage)<br \/>\n\u2013 Installation \u00e9lectrique compl\u00e8te avec prises et plafonnier LED<br \/>\n\u2013 Sol stratifi\u00e9 et PVC dans la salle de bain \u2013 robuste et rapide \u00e0 nettoyer<br \/>\n\u2013 Plancher et toiture isol\u00e9s<br \/>\n\u2013 radiateur mural \u00e9lectrique<br \/>\n\u2013 \u0152illets pour d\u00e9chargement avec grue et guide chariot \u00e9l\u00e9vateur en bas<br \/>\n\u2013 Construction \u00e0 ossature d\u2019acier robuste, soud\u00e9e et autoportante.<\/p>\n<p>Nous pouvons produire d\u2019autres tailles et dans d\u2019autres couleurs dans des d\u00e9lais courts selon vos sp\u00e9cifications.<\/p>\n","protected":false},"featured_media":12582,"comment_status":"closed","ping_status":"closed","template":"","meta":{"inline_featured_image":false},"product_brand":[],"product_cat":[117,120],"product_tag":[],"class_list":{"0":"post-12549","1":"product","2":"type-product","3":"status-publish","4":"has-post-thumbnail","6":"product_cat-containers","7":"product_cat-conteneurs-sanitaire","9":"first","10":"instock","11":"sale","12":"taxable","13":"shipping-taxable","14":"purchasable","15":"product-type-simple"},"_links":{"self":[{"href":"https:\/\/cftmarteorvers.com\/index.php?rest_route=\/wp\/v2\/product\/12549","targetHints":{"allow":["GET"]}}],"collection":[{"href":"https:\/\/cftmarteorvers.com\/index.php?rest_route=\/wp\/v2\/product"}],"about":[{"href":"https:\/\/cftmarteorvers.com\/index.php?rest_route=\/wp\/v2\/types\/product"}],"replies":[{"embeddable":true,"href":"https:\/\/cftmarteorvers.com\/index.php?rest_route=%2Fwp%2Fv2%2Fcomments&post=12549"}],"version-history":[{"count":1,"href":"https:\/\/cftmarteorvers.com\/index.php?rest_route=\/wp\/v2\/product\/12549\/revisions"}],"predecessor-version":[{"id":12583,"href":"https:\/\/cftmarteorvers.com\/index.php?rest_route=\/wp\/v2\/product\/12549\/revisions\/12583"}],"wp:featuredmedia":[{"embeddable":true,"href":"https:\/\/cftmarteorvers.com\/index.php?rest_route=\/wp\/v2\/media\/12582"}],"wp:attachment":[{"href":"https:\/\/cftmarteorvers.com\/index.php?rest_route=%2Fwp%2Fv2%2Fmedia&parent=12549"}],"wp:term":[{"taxonomy":"product_brand","embeddable":true,"href":"https:\/\/cftmarteorvers.com\/index.php?rest_route=%2Fwp%2Fv2%2Fproduct_brand&post=12549"},{"taxonomy":"product_cat","embeddable":true,"href":"https:\/\/cftmarteorvers.com\/index.php?rest_route=%2Fwp%2Fv2%2Fproduct_cat&post=12549"},{"taxonomy":"product_tag","embeddable":true,"href":"https:\/\/cftmarteorvers.com\/index.php?rest_route=%2Fwp%2Fv2%2Fproduct_tag&post=12549"}],"curies":[{"name":"wp","href":"https:\/\/api.w.org\/{rel}","templated":true}]}}