{"id":13537,"date":"2025-08-21T12:09:57","date_gmt":"2025-08-21T12:09:57","guid":{"rendered":"https:\/\/www.cftmaritime.com\/?post_type=product&#038;p=13537"},"modified":"2025-08-21T12:09:57","modified_gmt":"2025-08-21T12:09:57","slug":"container-20-bureau-cuisine-et-toilette","status":"publish","type":"product","link":"https:\/\/cftmarteorvers.com\/?product=container-20-bureau-cuisine-et-toilette","title":{"rendered":"Container 20&prime; bureau + cuisine et toilette"},"content":{"rendered":"<p>Conteneur standard 20 pieds bureau comprend un espace avec un coin cuisine et des toilettes s\u00e9par\u00e9es. On acc\u00e8de au conteneur par une porte personnelle unique en acier anti-vandalisme, il dispose d\u2019un volet \u00e0 double vitrage offre un \u00e9clairage et une ventilation naturels.<\/p>\n","protected":false},"excerpt":{"rendered":"<ul>\n<li>1 porte personnelle simple en acier anti-vandalisme<\/li>\n<li>2 fen\u00eatre \u00e0 double vitrage \u00e0 volets anti-vandalisme en acier<\/li>\n<li>1 Cloison en bois sur toute la largeur<\/li>\n<li>2 prises doubles<\/li>\n<li>2 plafonniers LED<\/li>\n<li>1 Kitchenette avec \u00e9vier, robinetterie et placard<\/li>\n<li>1 WC avec lavabo et chauffe-eau<\/li>\n<li>\u00a0 Chauffage mural<\/li>\n<li>\u00a0 Rev\u00eatement de sol en vinyle antid\u00e9rapant noir<\/li>\n<\/ul>\n","protected":false},"featured_media":13541,"comment_status":"open","ping_status":"closed","template":"","meta":{"inline_featured_image":false},"product_brand":[],"product_cat":[117],"product_tag":[],"class_list":{"0":"post-13537","1":"product","2":"type-product","3":"status-publish","4":"has-post-thumbnail","6":"product_cat-containers","8":"first","9":"instock","10":"taxable","11":"shipping-taxable","12":"purchasable","13":"product-type-simple"},"_links":{"self":[{"href":"https:\/\/cftmarteorvers.com\/index.php?rest_route=\/wp\/v2\/product\/13537","targetHints":{"allow":["GET"]}}],"collection":[{"href":"https:\/\/cftmarteorvers.com\/index.php?rest_route=\/wp\/v2\/product"}],"about":[{"href":"https:\/\/cftmarteorvers.com\/index.php?rest_route=\/wp\/v2\/types\/product"}],"replies":[{"embeddable":true,"href":"https:\/\/cftmarteorvers.com\/index.php?rest_route=%2Fwp%2Fv2%2Fcomments&post=13537"}],"version-history":[{"count":1,"href":"https:\/\/cftmarteorvers.com\/index.php?rest_route=\/wp\/v2\/product\/13537\/revisions"}],"predecessor-version":[{"id":13543,"href":"https:\/\/cftmarteorvers.com\/index.php?rest_route=\/wp\/v2\/product\/13537\/revisions\/13543"}],"wp:featuredmedia":[{"embeddable":true,"href":"https:\/\/cftmarteorvers.com\/index.php?rest_route=\/wp\/v2\/media\/13541"}],"wp:attachment":[{"href":"https:\/\/cftmarteorvers.com\/index.php?rest_route=%2Fwp%2Fv2%2Fmedia&parent=13537"}],"wp:term":[{"taxonomy":"product_brand","embeddable":true,"href":"https:\/\/cftmarteorvers.com\/index.php?rest_route=%2Fwp%2Fv2%2Fproduct_brand&post=13537"},{"taxonomy":"product_cat","embeddable":true,"href":"https:\/\/cftmarteorvers.com\/index.php?rest_route=%2Fwp%2Fv2%2Fproduct_cat&post=13537"},{"taxonomy":"product_tag","embeddable":true,"href":"https:\/\/cftmarteorvers.com\/index.php?rest_route=%2Fwp%2Fv2%2Fproduct_tag&post=13537"}],"curies":[{"name":"wp","href":"https:\/\/api.w.org\/{rel}","templated":true}]}}