{"id":13567,"date":"2025-08-27T23:00:55","date_gmt":"2025-08-27T23:00:55","guid":{"rendered":"https:\/\/www.cft-maritime.com\/?post_type=product&#038;p=13567"},"modified":"2025-10-06T08:19:00","modified_gmt":"2025-10-06T08:19:00","slug":"remorque-sanitaire-3-wc-2-urinoirs-2-lavabos","status":"publish","type":"product","link":"https:\/\/cftmarteorvers.com\/?product=remorque-sanitaire-3-wc-2-urinoirs-2-lavabos","title":{"rendered":"Remorque sanitaire 3 WC 2 urinoirs 2 lavabos"},"content":{"rendered":"","protected":false},"excerpt":{"rendered":"<p>Caract\u00e9ristiques techniques<br \/>\nLongueur: 5,00 m<br \/>\nLargeur: 2,20 m<br \/>\nHauteur: 3,30 m<br \/>\nLongueur du timon: 1,60 m (lat\u00e9ralment articul\u00e9)<br \/>\nPoids: 2300 kg<br \/>\nConnexion eau propre: Raccord GEKA 3\/4&Prime;<\/p>\n<p>Connexion eaux us\u00e9es: Tube HT NW 110<br \/>\nConnexion \u00e9lectrique: 230 V\/16 A &#8211; Lumi\u00e8re<br \/>\nConnexion \u00e9lectrique: 400 V\/16 A &#8211; Lumi\u00e8re\/Chaudi\u00e8re\/Chauffage<br \/>\nConsommation d&rsquo;\u00e9lectricit\u00e9: 5 kW &#8211; Lumi\u00e8re<br \/>\nConsommation d&rsquo;\u00e9lectricit\u00e9: 8 kW &#8211; Lumi\u00e8re\/Chaudi\u00e8re\/Chauffage<br \/>\nChaudi\u00e8re d&rsquo;eau chaude: 5 litres<br \/>\n\u00c9quipement<br \/>\nDames: 2 Toilettes, 1 Lavabo<br \/>\nMessieurs: 1 Toilette, 2 Urinoirs, 1 Lavabo<br \/>\nMiroir<br \/>\nDistributeur de savon<br \/>\nChauffage<br \/>\nEssuie-mains en papier<br \/>\nPorte-manteau<br \/>\nR\u00e9servoir d\u2019eau fra\u00eeche int\u00e9gr\u00e9<br \/>\nR\u00e9servoir d\u2019eaux us\u00e9es int\u00e9gr\u00e9<\/p>\n<p>La remorque WC utilisable de mani\u00e8re autonome, pour tous les cas o\u00f9 aucun raccordement d\u2019arriv\u00e9e et d\u2019\u00e9vacuation d\u2019eau n\u2019est pas disponible. Capacit\u00e9 pour 70 \u00e0 80 personnes max.<\/p>\n<p>Gr\u00e2ce \u00e0 ses 2 r\u00e9servoirs int\u00e9gr\u00e9s, la remorque vous offre une ind\u00e9pendance totale vis-\u00e0-vis de l\u2019approvisionnement en eau et de l\u2019\u00e9vacuation des eaux us\u00e9es. L\u2019atout majeur de ce nouveau type de remorque WC, c\u2019est qu\u2019il s\u2019utilise n\u2019importe o\u00f9 et est imm\u00e9diatement pr\u00eat \u00e0 l\u2019emploi.<br \/>\n\u00c0 prendre en compte<br \/>\nINSTALLATION SUR UN SOL PLAT ET SOLIDE<br \/>\nNE REQUIERT UN RACCORDEMENT D\u2019ARRIV\u00c9E ET D\u2019\u00c9VACUATION D\u2019EAU<br \/>\nEN OPTION: RACCORDEMENT R\u00c9ALIS\u00c9 PAR NOTRE PERSONNEL QUALIFI\u00c9<\/p>\n","protected":false},"featured_media":13573,"comment_status":"closed","ping_status":"closed","template":"","meta":{"inline_featured_image":false},"product_brand":[],"product_cat":[118,120],"product_tag":[],"class_list":{"0":"post-13567","1":"product","2":"type-product","3":"status-publish","4":"has-post-thumbnail","6":"product_cat-conteneur-amenage","7":"product_cat-conteneurs-sanitaire","9":"first","10":"instock","11":"sale","12":"taxable","13":"shipping-taxable","14":"purchasable","15":"product-type-simple"},"_links":{"self":[{"href":"https:\/\/cftmarteorvers.com\/index.php?rest_route=\/wp\/v2\/product\/13567","targetHints":{"allow":["GET"]}}],"collection":[{"href":"https:\/\/cftmarteorvers.com\/index.php?rest_route=\/wp\/v2\/product"}],"about":[{"href":"https:\/\/cftmarteorvers.com\/index.php?rest_route=\/wp\/v2\/types\/product"}],"replies":[{"embeddable":true,"href":"https:\/\/cftmarteorvers.com\/index.php?rest_route=%2Fwp%2Fv2%2Fcomments&post=13567"}],"version-history":[{"count":2,"href":"https:\/\/cftmarteorvers.com\/index.php?rest_route=\/wp\/v2\/product\/13567\/revisions"}],"predecessor-version":[{"id":13575,"href":"https:\/\/cftmarteorvers.com\/index.php?rest_route=\/wp\/v2\/product\/13567\/revisions\/13575"}],"wp:featuredmedia":[{"embeddable":true,"href":"https:\/\/cftmarteorvers.com\/index.php?rest_route=\/wp\/v2\/media\/13573"}],"wp:attachment":[{"href":"https:\/\/cftmarteorvers.com\/index.php?rest_route=%2Fwp%2Fv2%2Fmedia&parent=13567"}],"wp:term":[{"taxonomy":"product_brand","embeddable":true,"href":"https:\/\/cftmarteorvers.com\/index.php?rest_route=%2Fwp%2Fv2%2Fproduct_brand&post=13567"},{"taxonomy":"product_cat","embeddable":true,"href":"https:\/\/cftmarteorvers.com\/index.php?rest_route=%2Fwp%2Fv2%2Fproduct_cat&post=13567"},{"taxonomy":"product_tag","embeddable":true,"href":"https:\/\/cftmarteorvers.com\/index.php?rest_route=%2Fwp%2Fv2%2Fproduct_tag&post=13567"}],"curies":[{"name":"wp","href":"https:\/\/api.w.org\/{rel}","templated":true}]}}