{"id":13621,"date":"2025-08-29T07:46:11","date_gmt":"2025-08-29T07:46:11","guid":{"rendered":"https:\/\/www.cft-maritime.com\/?post_type=product&#038;p=13621"},"modified":"2025-08-29T08:32:01","modified_gmt":"2025-08-29T08:32:01","slug":"conteneur-40-pieds-maritime-high-cube","status":"publish","type":"product","link":"https:\/\/cftmarteorvers.com\/?product=conteneur-40-pieds-maritime-high-cube","title":{"rendered":"Conteneur 40 Pieds Maritime High Cube"},"content":{"rendered":"<div class=\"woocommerce-product-details__short-description\">\n<p><strong>Caract\u00e9ristiques G\u00e9n\u00e9rales<\/strong><\/p>\n<ul>\n<li><strong>Type<\/strong>\u00a0: Conteneur maritime dry (sec) High Cube Hard Top d\u2019occasion<\/li>\n<li><strong>Norme<\/strong>\u00a0: ISO et IICL (qualit\u00e9 et durabilit\u00e9 maximales)<\/li>\n<li><strong>Mat\u00e9riau<\/strong>\u00a0: Acier corten robuste, con\u00e7u pour\u00a0<strong>r\u00e9sister aux charges lourdes et aux conditions climatiques extr\u00eames<\/strong><\/li>\n<li><strong>Structure<\/strong>\u00a0:\n<ul>\n<li><strong>Toit rigide en acier amovible<\/strong>, facilitant le chargement par le haut<\/li>\n<li><strong>Hauteur High Cube (+30 cm)<\/strong>\u00a0pour un volume int\u00e9rieur sup\u00e9rieur<\/li>\n<li><strong>Parois ondul\u00e9es renforc\u00e9es<\/strong>\u00a0pour une meilleure solidit\u00e9<\/li>\n<li><strong>Anneaux d\u2019arrimage int\u00e9rieurs et ext\u00e9rieurs<\/strong>\u00a0pour s\u00e9curiser la cargaison<\/li>\n<\/ul>\n<\/li>\n<li><strong>Plancher<\/strong>\u00a0: Contreplaqu\u00e9 marin antid\u00e9rapant, con\u00e7u pour supporter de lourdes charges<\/li>\n<li><strong>Portes<\/strong>\u00a0:\n<ul>\n<li><strong>Double porte arri\u00e8re standard<\/strong>, facilitant le chargement et le d\u00e9chargement<\/li>\n<li><strong>Syst\u00e8me de fermeture s\u00e9curis\u00e9<\/strong>\u00a0avec barres de verrouillage robustes<\/li>\n<\/ul>\n<\/li>\n<li><strong>\u00c9tanch\u00e9it\u00e9<\/strong>\u00a0: V\u00e9rifi\u00e9 pour \u00eatre\u00a0<strong>100 % herm\u00e9tique, prot\u00e9g\u00e9 contre l\u2019humidit\u00e9 et la corrosion<\/strong><\/li>\n<\/ul>\n<p><strong>Dimensions Ext\u00e9rieures<\/strong><\/p>\n<ul>\n<li><strong>Longueur<\/strong>\u00a0: 12,19 m (40\u20190\u2033)<\/li>\n<li><strong>Largeur<\/strong>\u00a0: 2,44 m (8\u20190\u2033)<\/li>\n<li><strong>Hauteur<\/strong>\u00a0: 2,89 m (9\u20196\u2033)<\/li>\n<\/ul>\n<p><strong>Dimensions Int\u00e9rieures<\/strong><\/p>\n<ul>\n<li><strong>Longueur<\/strong>\u00a0: 12,00 m (39\u20194\u2033)<\/li>\n<li><strong>Largeur<\/strong>\u00a0: 2,35 m (7\u20199\u2033)<\/li>\n<li><strong>Hauteur sous toit<\/strong>\u00a0: 2,69 m (8\u201910\u201d)<\/li>\n<\/ul>\n<p><strong>Ouverture du Toit<\/strong><\/p>\n<ul>\n<li><strong>Largeur d\u2019ouverture<\/strong>\u00a0: Environ 2,20 m (7\u20192\u2033)<\/li>\n<li><strong>Longueur d\u2019ouverture<\/strong>\u00a0: Environ 11,80 m (38\u20198\u2033)<\/li>\n<\/ul>\n<p><strong>Capacit\u00e9 et Charge Maximale<\/strong><\/p>\n<ul>\n<li><strong>Volume int\u00e9rieur<\/strong>\u00a0: Environ 76,4 m\u00b3<\/li>\n<li><strong>Poids \u00e0 vide<\/strong>\u00a0: 4 000 \u2013 4 500 kg (selon l\u2019\u00e9tat du conteneur)<\/li>\n<li><strong>Charge utile maximale<\/strong>\u00a0: 28 000 kg<\/li>\n<\/ul>\n<p><strong>Usages et Applications<\/strong><\/p>\n<ul>\n<li><strong>Transport de marchandises lourdes et volumineuses<\/strong>, n\u00e9cessitant un\u00a0<strong>chargement par le haut<\/strong><\/li>\n<li><strong>Stockage s\u00e9curis\u00e9<\/strong>, id\u00e9al pour\u00a0<strong>les \u00e9quipements industriels, machines lourdes et mat\u00e9riaux en vrac<\/strong><\/li>\n<li><strong>Industrie et logistique<\/strong>, utilis\u00e9 dans les\u00a0<strong>secteurs du BTP, de l\u2019a\u00e9ronautique et du transport maritime et terrestre<\/strong><\/li>\n<li><strong>Solution alternative aux conteneurs standards<\/strong>, offrant un\u00a0<strong>acc\u00e8s suppl\u00e9mentaire par le toit<\/strong><\/li>\n<\/ul>\n<p><strong>Avantages<\/strong><\/p>\n<ul>\n<li><strong>Toit rigide en acier amovible<\/strong>, facilitant le\u00a0<strong>chargement et le d\u00e9chargement vertical<\/strong><\/li>\n<li><strong>Hauteur High Cube (+30 cm)<\/strong>\u00a0pour un espace int\u00e9rieur maximis\u00e9<\/li>\n<li><strong>Norme IICL &amp; ISO<\/strong>, garantissant une\u00a0<strong>qualit\u00e9 sup\u00e9rieure et une grande long\u00e9vit\u00e9<\/strong><\/li>\n<li><strong>S\u00e9curit\u00e9 renforc\u00e9e<\/strong>, avec un\u00a0<strong>syst\u00e8me de verrouillage fiable<\/strong><\/li>\n<li><strong>\u00c9tanch\u00e9it\u00e9 et protection contre l\u2019humidit\u00e9 et la corrosion<\/strong><\/li>\n<li><strong>Facilit\u00e9 de manutention<\/strong>, compatible avec\u00a0<strong>grue, chariot \u00e9l\u00e9vateur et \u00e9quipements sp\u00e9cialis\u00e9s<\/strong><\/li>\n<\/ul>\n<p><strong>Conclusion<\/strong><\/p>\n<p>Le\u00a0<strong>conteneur maritime High Cube de 40 pieds Hard Top d\u2019occasion<\/strong>\u00a0est une\u00a0<strong>solution id\u00e9ale pour les professionnels du transport et de la logistique<\/strong>, n\u00e9cessitant un\u00a0<strong>chargement ais\u00e9 de marchandises lourdes et volumineuses par le haut<\/strong>. Son\u00a0<strong>toit amovible, sa robustesse et sa grande capacit\u00e9<\/strong>\u00a0en font une\u00a0<strong>alternative efficace et polyvalente aux conteneurs classiques<\/strong>, parfaitement adapt\u00e9e aux\u00a0<strong>secteurs industriels et du BTP<\/strong>.<\/p>\n<\/div>\n<form class=\"cart\" action=\"https:\/\/www.ctaofret.eu\/produit\/conteneur-40-pieds-maritime-high-cube\/\" enctype=\"multipart\/form-data\" method=\"post\">\n<div class=\"quantity\"><label class=\"screen-reader-text\" for=\"quantity_68af810dbc600\">Conteneur 40 Pieds Maritime High Cube quantity<\/label><\/div>\n<\/form>\n","protected":false},"excerpt":{"rendered":"<p>Le\u00a0<strong>conteneur maritime High Cube de 40 pieds Hard Top d\u2019occasion<\/strong>\u00a0est une solution robuste et polyvalente, sp\u00e9cialement con\u00e7ue pour\u00a0<strong>le transport et le stockage de marchandises volumineuses et lourdes n\u00e9cessitant un acc\u00e8s par le toit<\/strong>. Contrairement aux conteneurs standards, ce mod\u00e8le est \u00e9quip\u00e9 d\u2019un\u00a0<strong>toit rigide amovible en acier<\/strong>, permettant un\u00a0<strong>chargement vertical facilit\u00e9<\/strong>\u00a0via grue ou pont roulant.<\/p>\n<p>Gr\u00e2ce \u00e0 sa\u00a0<strong>hauteur High Cube (+30 cm de plus qu\u2019un conteneur standard)<\/strong>, il offre\u00a0<strong>un espace int\u00e9rieur optimis\u00e9<\/strong>, id\u00e9al pour\u00a0<strong>les \u00e9quipements industriels, les machines lourdes et les marchandises en vrac<\/strong>. Construit en\u00a0<strong>acier corten haute r\u00e9sistance<\/strong>, il garantit une\u00a0<strong>long\u00e9vit\u00e9 accrue, une r\u00e9sistance optimale aux intemp\u00e9ries et une s\u00e9curit\u00e9 renforc\u00e9e<\/strong>.<\/p>\n<p>Bien qu\u2019ayant d\u00e9j\u00e0 \u00e9t\u00e9 utilis\u00e9, ce conteneur est\u00a0<strong>r\u00e9vis\u00e9, inspect\u00e9 et test\u00e9 pour garantir son \u00e9tanch\u00e9it\u00e9 et son bon \u00e9tat g\u00e9n\u00e9ral<\/strong>.<\/p>\n","protected":false},"featured_media":13625,"comment_status":"open","ping_status":"closed","template":"","meta":{"inline_featured_image":false},"product_brand":[],"product_cat":[117,119],"product_tag":[],"class_list":{"0":"post-13621","1":"product","2":"type-product","3":"status-publish","4":"has-post-thumbnail","6":"product_cat-containers","7":"product_cat-conteneurs-neufs-et-occasions","9":"first","10":"instock","11":"taxable","12":"shipping-taxable","13":"purchasable","14":"product-type-simple"},"_links":{"self":[{"href":"https:\/\/cftmarteorvers.com\/index.php?rest_route=\/wp\/v2\/product\/13621","targetHints":{"allow":["GET"]}}],"collection":[{"href":"https:\/\/cftmarteorvers.com\/index.php?rest_route=\/wp\/v2\/product"}],"about":[{"href":"https:\/\/cftmarteorvers.com\/index.php?rest_route=\/wp\/v2\/types\/product"}],"replies":[{"embeddable":true,"href":"https:\/\/cftmarteorvers.com\/index.php?rest_route=%2Fwp%2Fv2%2Fcomments&post=13621"}],"version-history":[{"count":1,"href":"https:\/\/cftmarteorvers.com\/index.php?rest_route=\/wp\/v2\/product\/13621\/revisions"}],"predecessor-version":[{"id":13627,"href":"https:\/\/cftmarteorvers.com\/index.php?rest_route=\/wp\/v2\/product\/13621\/revisions\/13627"}],"wp:featuredmedia":[{"embeddable":true,"href":"https:\/\/cftmarteorvers.com\/index.php?rest_route=\/wp\/v2\/media\/13625"}],"wp:attachment":[{"href":"https:\/\/cftmarteorvers.com\/index.php?rest_route=%2Fwp%2Fv2%2Fmedia&parent=13621"}],"wp:term":[{"taxonomy":"product_brand","embeddable":true,"href":"https:\/\/cftmarteorvers.com\/index.php?rest_route=%2Fwp%2Fv2%2Fproduct_brand&post=13621"},{"taxonomy":"product_cat","embeddable":true,"href":"https:\/\/cftmarteorvers.com\/index.php?rest_route=%2Fwp%2Fv2%2Fproduct_cat&post=13621"},{"taxonomy":"product_tag","embeddable":true,"href":"https:\/\/cftmarteorvers.com\/index.php?rest_route=%2Fwp%2Fv2%2Fproduct_tag&post=13621"}],"curies":[{"name":"wp","href":"https:\/\/api.w.org\/{rel}","templated":true}]}}